 Calculate the remainder when s(b) is divided by 12.
11
Let n = 66 - 40. Calculate the remainder when 51 is divided by n.
25
Let p be 2/(-6)*2*-84. Let o(z) = -3*z - 6. Let a be o(11). Let y = p + a. What is the remainder when y is divided by 6?
5
What is the remainder when 17 is divided by 2 + -4 - 44/(-4)?
8
Let c(h) = 10*h - 35. What is the remainder when c(8) is divided by 18?
9
Let i be (5/(-10))/(1/24). Let x = i + 17. Calculate the remainder when 9 is divided by x.
4
Suppose -6*t = 649 - 769. Suppose 0 = 3*z + 4*u - 251, 2*z - 5*u = 148 - 19. Calculate the remainder when z is divided by t.
17
Let n(d) = -d**2 - 6*d + 2. Let g be n(-6). Suppose 0 = r + g*r - 84. What is the remainder when r is divided by 3*1*20/6?
8
Let m(g) = g**2 - 6. Let x be m(8). Calculate the remainder when 11 is divided by x/8 + 2/(-8).
4
Suppose -4*b + 113 - 9 = 0. What is the remainder when b is divided by 14?
12
Suppose 5*s - 2*v - 83 = 0, 4*s + v = -s + 71. What is the remainder when 88 is divided by s?
13
Let w(v) = -6*v - 1. What is the remainder when w(-3) is divided by 6/18 - 17/(-3)?
5
Suppose -4*t = -2 - 6. Suppose w = -t*w + 69. What is the remainder when w is divided by 12?
11
Suppose -12 + 34 = 11*o. Let n be ((-1)/2)/((-1)/(-4)). What is the remainder when o is divided by (-2)/((-1)/((-1)/n))?
0
Let v(h) = 7*h - h - 7*h**2 - 7*h**2 - 10 - h**3 + 2*h**2. Suppose 0 = 3*d + 6, -2*d - 75 = 5*u + 3*d. Calculate the remainder when v(u) is divided by 21.
18
Suppose -2*b + 5*b = 108. What is the remainder when (-1 - -2) + (b - 5) is divided by 17?
15
Calculate the remainder when 39 is divided by 3 - (-1)/(-1) - -12.
11
Let v be 5/(-15)*-3 + -1. Suppose -2*p = -v*p - 16. Suppose 6 = 5*i - 19. Calculate the remainder when p is divided by i.
3
Suppose -3*k + 71 = 4*d, 4*d - 4*k = 6*d - 38. Let r = 20 + 16. Suppose -3*h - r = -b, h = -4*b + 73 + 58. Calculate the remainder when b is divided by d.
16
Let t = -96 - -101. Calculate the remainder when 16 is divided by t.
1
Let i be ((-3)/1)/(-1*1). Suppose l - 6 = 3*n, -i*l - n = -2*n - 50. Calculate the remainder when 53 is divided by l.
17
Suppose 2*a = a + 2. Suppose -a*y = 2*b + 12, 5*y + 2*b = 7*b - 50. Calculate the remainder when 22 is divided by (y/(-12))/(2/36).
10
Let a = -3 - -10. Let z(g) = g**3 + 9*g**2 + 4*g - 6. Let i be z(-6). Suppose x = 4*x - i. What is the remainder when x is divided by a?
5
Let q(a) = -a**2 + 5*a - 1. Let u be q(2). Suppose 0 = 2*n - m + 95, 3*n - u*m - 215 = 8*n. Let t = 84 + n. What is the remainder when t is divided by 20?
18
Let j = -5 + 5. Suppose j = -n + 3 - 1. Calculate the remainder when 5 is divided by n.
1
Let x = 2 - -3. Let z = -4 + x. What is the remainder when (46/(-3))/(z/(-3)) is divided by 16?
14
Suppose 7*u - 25 - 17 = 0. What is the remainder when 22 is divided by u?
4
Suppose 3*j + 4*p = 84 - 12, 5*j + 3*p - 120 = 0. What is the remainder when 93 is divided by j?
21
Let d be (-4 + 1 - 4)*1. Suppose a - 2*a + 9 = 0. Let l = d + a. Calculate the remainder when 3 is divided by l.
1
Let u(a) = -5*a - 6. Suppose -2*d + 4*d = 106. Calculate the remainder when d is divided by u(-4).
11
Suppose i - 2*d - 11 = 0, i - 4*d - 35 = -2*i. Let c = 0 - -5. Calculate the remainder when i is divided by c.
3
Let b = 37 + -25. What is the remainder when 35 is divided by (6/(-4))/((-2)/b)?
8
Let p = -4 + 8. Suppose 3*s + 4*v - 1 - 24 = 0, -4*s = 2*v - 20. Suppose -s*w - 50 = -p*w. What is the remainder when w is divided by 26?
24
Let u(b) = 20*b. Suppose 2*g - 4 + 12 = 0. What is the remainder when u(1) is divided by g/30 + (-334)/(-30)?
9
Let c(t) = 4*t + 4. Let l = 10 - 3. Calculate the remainder when c(l) is divided by ((-3)/6 + 0)*-34.
15
Let y(w) = -w**2 + 14*w + 3. Let g(s) = s**3 - 5*s**2 + 3*s - 1. Let l be g(5). What is the remainder when 7 is divided by y(l)?
1
Let g = -93 - -97. Suppose 0 = -3*r - 2*r + 4*d + 53, -d = 2. Calculate the remainder when r is divided by g.
1
Let k(i) = -3*i + 13. Calculate the remainder when 14 is divided by k(3).
2
Let i = -5 + 5. Suppose -a - 2*a = i. Let l = 2 - a. What is the remainder when l is divided by 1?
0
Suppose -3*w = 3*p - 21, 2*p - 11 = p - 2*w. Let z(b) = -b**3 + 10*b**2 + 12*b - 2. Let l be z(11). Let n = p + l. What is the remainder when n is divided by 7?
5
Let v be (-2)/(-3) - 21/(-9). What is the remainder when 2/v + 344/24 is divided by 8?
7
Let f = -13 + 48. What is the remainder when f is divided by 20?
15
Let f = -9 + 14. Suppose 3*w - 2*d = 56, -f*w = -10*w - d + 76. Suppose -3*h = -0*h - 87. What is the remainder when h is divided by w?
13
Let x(i) = -i**3 + 7*i**2 - i + 8. What is the remainder when 70 is divided by x(6)?
32
Let l(d) be the third derivative of -d**4/24 + d**3/2 + d**2. Let t be 6/(-27) + (-280)/36. Calculate the remainder when 43 is divided by l(t).
10
Let l(i) = i**3 - 5*i**2 - 5*i + 5. Suppose m = 2*j - 17, 16 - 43 = -2*j + 3*m. Calculate the remainder when 21 is divided by l(j).
10
Let v(r) = -4*r**3 + r**2 - 9*r - 28. Calculate the remainder when v(-3) is divided by 17.
14
Suppose 0 = -3*p + 14 + 10. Calculate the remainder when ((-4)/p)/((-1)/34) is divided by 5.
2
Suppose -5*l + r = -129, 2*l + r = 9 + 44. What is the remainder when l is divided by 14?
12
Suppose -4 = 2*w + 4*m, -6 + 0 = w + 4*m. Let u be ((-18)/(0 + -3))/w. Suppose -u = -v + 7. What is the remainder when v is divided by 6?
4
Let z = 53 - 40. Calculate the remainder when 22 is divided by z.
9
Let m(l) = l**3 - l**2 + 4*l - 3. Let c = 165 - 98. Suppose c = 3*v - 4*n, 0*n = -v + 2*n + 21. What is the remainder when v is divided by m(2)?
7
Let m(y) be the first derivative of y**4/4 + 2*y**3 + y**2 - 7*y - 5. What is the remainder when 23 is divided by m(-5)?
7
Suppose 7*t - 217 = 350. What is the remainder when t is divided by 28?
25
Let q = -5 + 8. Suppose -3 = -q*i + 3. Suppose -i*n + 101 = 21. What is the remainder when n is divided by 14?
12
Let q be ((-4)/6)/(1/(-27)). Let p = 9 - q. Let m = p - -28. Calculate the remainder when 37 is divided by m.
18
Let v(w) = -w**3 - 3*w**2 + 4*w. Let x be v(-3). Suppose -2*c = 3*c - 30. What is the remainder when -2*1*126/x is divided by c?
3
Let m = -127 - -135. What is the remainder when 95 is divided by m?
7
Let p = -15 + 30. What is the remainder when 29 is divided by p?
14
Suppose 100 = 5*b - 95. Calculate the remainder when b is divided by 14.
11
Suppose -14*n = -9*n - 60. Calculate the remainder when 33 is divided by n.
9
Suppose 5*m + 119 - 404 = -5*g, -5*m + 277 = 3*g. What is the remainder when m is divided by 19?
15
Suppose -5*m + 50 = -0. Let o = 0 + m. Calculate the remainder when 27 is divided by o.
7
Let v be 10/14 + (-2)/(-7). Let c be v/(-3) + 4/12. Suppose c = -l + 4*i - 5 + 14, 2*l + 2*i - 68 = 0. Calculate the remainder when l is divided by 15.
14
Let w be (3/2)/(7/154). Suppose -3*d = 5*b - w, -3*b + 5*d = d - 14. What is the remainder when 11 is divided by b?
5
Let w(o) = 5*o - 2. Let s = -1 + 5. Calculate the remainder when w(s) is divided by 5.
3
Suppose -149*c = -165*c + 336. Let k(p) = 0*p**2 + 3*p + p**2 + 0*p**2 + 7. Calculate the remainder when k(6) is divided by c.
19
Suppose 11 = i - 2*s, -s = 4*i + 6 - 50. What is the remainder when i is divided by 7?
4
Let o = -93 + 148. Let n = o - 32. Calculate the remainder when n is divided by 8.
7
Let q(h) = -8*h - 7. Let n(f) = 8*f + 6. Let b(x) = -5*n(x) - 4*q(x). Calculate the remainder when 9 is divided by b(-1).
3
Let y = -24 + 42. Suppose -3*r = -y - 33. What is the remainder when 50 is divided by r?
16
Suppose -5*g = -11*g + 252. What is the remainder when g is divided by 23?
19
Let x(p) = p**3 + 3*p**2 + 5*p + 6. Let z be x(-4). What is the remainder when (z/9)/((-1)/3) is divided by 4?
2
Let i be (8/(-10))/(4/(-130)). Suppose 5*c = 4 + i. Calculate the remainder when 21 is divided by c.
3
Suppose 3*g = 22 + 14. Let a(c) = 22*c. Let y = -1 - -2. Calculate the remainder when a(y) is divided by g.
10
Let w = -1 - -1. Let a(b) = -b + 26. Let n = 32 - 23. What is the remainder when a(w) is divided by n?
8
Let l = 31 + -75. Let d = 73 + l. Suppose -q = -2*q + d. What is the remainder when q is divided by 10?
9
Suppose 0 = -7*u + 2*u + 105. Let o(n) = -n - 3. Let a be o(-5). Let h = a + u. Calculate the rema